e q(6). Let c be 0 + 1 - (15 + -9 - 27). What is the greatest common divisor of p and c?
11
Let l be 14 - 18/6*1. What is the highest common divisor of l and 1?
1
Let p = -942 - -1248. What is the highest common factor of 34 and p?
34
Let k be 2 + -1 - -2 - 2. Suppose -3*t + 95 = -2*x - 15, x + k = 0. What is the greatest common divisor of t and 90?
18
Let v(g) = -g**3 - 23*g**2 - 24*g + 70. Let a be v(-22). Calculate the highest common divisor of 399 and a.
57
Suppose 3*b - b - 3*n = -36, 4*b + 5*n = -72. Let c = b + 54. What is the highest common factor of 4 and c?
4
Let t = 12 - 12. Suppose t = 2*i + 5*w - 21, -4*i - 22 = 5*w - 59. Let x be (0 + 28/i)*2. What is the highest common divisor of x and 35?
7
Suppose 5*i + 744 = -3*v, -5*i + 5*v + 136 = 896. Let o be 60/5*i/(-9). Let n = o + -83. Calculate the highest common factor of 13 and n.
13
Let z(o) = -o**3 - 8*o**2 - 8*o + 4. Let a be z(-7). Let l = a - -4. What is the highest common factor of l and 3?
3
Let o(m) = -7*m**3 + m + 6. Let p be o(-3). Suppose -6*a + p = -2*a. What is the greatest common factor of 16 and a?
16
Let l be 21/(-3) + 2589/3 - -5. Calculate the highest common factor of 84 and l.
21
Let o(n) = -48*n + 3. Let w be o(1). Let j = 62 + w. What is the highest common factor of 51 and j?
17
Let s = 3 + 1. Suppose 2*h - 13 - 1 = s*c, -5*c - 28 = -4*h. Let f be (((-1)/(-1) - 2) + 2)*49. Calculate the highest common divisor of h and f.
7
Let i = 855 + -811. What is the highest common divisor of 242 and i?
22
Let h = 255 - 112. Suppose -z + 5*z - 128 = 0. Let q = z + -19. Calculate the highest common divisor of h and q.
13
Let b(z) = -19*z + 681. Let n be b(30). What is the highest common divisor of n and 2109?
111
Suppose 24*w = -37*w + 427. What is the highest common divisor of 259 and w?
7
Suppose -46*w - 2556 = -50*w. What is the greatest common factor of 9 and w?
9
Suppose 0 = -u - 3, 2*k + 2*u = u - 49. Let c = 32 + k. Suppose -144 = -2*m - 18. Calculate the highest common divisor of m and c.
9
Suppose 0 = -3*c - 3*a + 192 + 3, -260 = -4*c - 2*a. What is the greatest common divisor of c and 117?
13
Let b(x) = x**2 - 13*x - 28. Let m be b(13). Let v be 6/8 + (-1995)/m + 3. What is the greatest common divisor of v and 100?
25
Let h(p) be the first derivative of p**3/3 + 3*p**2/2 - 13*p + 5. Let o be h(-9). What is the greatest common divisor of 369 and o?
41
Let d be (-6)/4 - (-5020)/40. Suppose -8 = -17*m + 15*m. What is the highest common divisor of d and m?
4
Let i(h) = -4*h**2 + 22*h + 19. Let u be i(4). Calculate the highest common factor of u and 4171.
43
Let j(c) = c**3 + 4*c**2 - c + 2. Let y be j(-4). Calculate the highest common divisor of 204 and y.
6
Let g = 5 - 3. Suppose -4*u - 8 = -2*q, g*u = 4*q - 0*u - 16. Suppose 16*i - 82 = -18. What is the highest common factor of i and q?
4
Let i = -432 + 445. What is the highest common factor of 13 and i?
13
Let h(c) = -15 + 125*c**2 + 42 - 19 + 8*c. Let y be h(-1). Calculate the greatest common divisor of 50 and y.
25
Let m be ((-588)/(-154))/21 + 22669/11. Calculate the greatest common divisor of 9 and m.
9
Suppose 4*b = 8*b - 3*v - 18, -4*v - 20 = -4*b. Calculate the highest common divisor of 3 and b.
3
Suppose 3*m - 2 = 13. Let y be (23/m)/((-7)/(-35)). What is the highest common divisor of 69 and y?
23
Suppose -3*s = 2*k - 0*s + 7, 0 = -5*k - 3*s + 5. Suppose -z = -k*z + 33. What is the highest common divisor of z and 22?
11
Suppose -4*a = -2*k - 38, 2*a = -k - 2*k + 31. Calculate the greatest common factor of 2 and a.
1
Suppose -2*h + 4*c + 52 = 0, 4*h = -0*c + 4*c + 88. Let d be 4 + h*(-8)/(-12). What is the greatest common divisor of d and 56?
8
Let s be 1*((-38)/4)/(1/(-4)). Let a = -27 + s. What is the greatest common factor of 22 and a?
11
Let n(z) = -3*z + 8. Let d(y) = -4*y - 4. Let v be d(-3). Let u be n(v). Let m be ((-105)/20)/(6/u). Calculate the highest common divisor of 7 and m.
7
Let a(j) = 4*j**2 - 4*j + 13. Let x be a(-5). Calculate the greatest common divisor of 19 and x.
19
Let f be (2 - (2 + 2)) + 8. Let s = -22 - -52. What is the highest common factor of s and f?
6
Suppose 0 = 8*b - 3*b - 45. Suppose -b = 6*v - 3*v. Let i be (-4)/v*15/2. Calculate the highest common factor of i and 2.
2
Suppose -185*g + 165 = -180*g. Suppose 95 = 4*y + 7. What is the highest common factor of g and y?
11
Let d be -1 + -1 + 0 + 5. Suppose 2*p - 357 = -d*m + p, 0 = 3*m + 4*p - 348. What is the highest common factor of 15 and m?
15
Let h be -1 + 115 - (-5 + 10). Calculate the greatest common divisor of h and 1.
1
Let z = -28 + 43. Let r be (20/z)/((-1)/(-9)). Suppose -6*w + 108 = 3*w. Calculate the highest common divisor of r and w.
12
Let g(m) = 2*m**3 - 2*m**2 - 6*m. Let q be g(3). What is the highest common factor of 234 and q?
18
Suppose 0 = -3*b, 0 = -0*j + 3*j + 2*b - 9. Suppose x + j*f = 2*x + 9, f = 4. Calculate the greatest common factor of x and 9.
3
Suppose -2*m + 600 = m - 5*t, 4*m = -2*t + 800. What is the highest common factor of m and 25?
25
Let r(j) = j**3 + 10*j**2 + 10*j + 10. Let t be r(-9). Suppose -x - 3 = -4*x. Suppose 0 = -5*u + 9 + x. What is the highest common divisor of t and u?
1
Let k = -44 + 47. Suppose 0 = c - 6 - k. What is the highest common factor of 63 and c?
9
Suppose 0 = v + 2*y, 7*v - 4*y - 36 = 3*v. Let s(d) = d**2 - 4*d - 4. Let c be s(v). Calculate the greatest common factor of c and 88.
8
Suppose 0*o = 4*o - 120. Let z be (20 - (-12)/3)/2. Calculate the greatest common factor of o and z.
6
Let n(h) = -h**2 + 10*h - 5. Let s be n(4). Suppose c - 5*p - s = 19, 2*p = 2*c - 44. What is the greatest common factor of 2 and c?
2
Let z be -2 + (-1 + -3)*-4. Let g be 12/(-32)*(6 - 14) - -18. Calculate the highest common divisor of g and z.
7
Let m(h) = -h**2 + 6*h - 4. Let b be m(5). Let n(v) = 11*v. Let o be n(b). What is the highest common factor of 11 and o?
11
Let h = 22 + -10. Suppose 0 = -h*o + 16*o. Let x = 16 - o. Calculate the greatest common divisor of 80 and x.
16
Let a = -1085 + 1381. Suppose -36 = -0*w - 3*w. Let v be w/90 + a/30. What is the highest common factor of 20 and v?
10
Let o be ((-200)/(-6))/((-28)/126). Let k = -81 - o. What is the greatest common factor of k and 23?
23
Suppose -4*d - 3*i = -0*i - 429, 3*i + 15 = 0. Let y = d + -107. What is the highest common factor of 3 and y?
1
Let t be 2*60/24*156/10. What is the greatest common divisor of t and 6?
6
Suppose 2*f = -3*m + 4 - 0, 5*f - 5*m = -40. Let y = -2 + f. Let r be 195 - (y/1 - -3). Calculate the highest common factor of r and 22.
22
Suppose -60*m + 75*m = 1590. What is the greatest common factor of 477 and m?
53
Suppose 2*o + 4*r - 12 = 0, -12 = -2*o - 0*o + r. Let a be o/(-18)*18/(-1). Calculate the highest common divisor of 12 and a.
6
Let h be (-25)/2 - (-5)/10. Let x = 15 + h. Suppose 2*n - x = n. Calculate the greatest common factor of 1 and n.
1
Let h = 9 - 5. Let p(t) = 5*t - 8*t**2 + 16*t**2 + 2 - 7*t**2. Let r be p(h). What is the greatest common factor of 19 and r?
19
Suppose -4*h + 4*c - 448 = 0, 4*h - h - 4*c + 331 = 0. Let a be h/(-5) + ((-24)/(-15) - 2). Calculate the greatest common divisor of 207 and a.
23
Let r = -275 - -409. Suppose r + 34 = 3*b. Calculate the greatest common factor of b and 84.
28
Let y be (12/(-9))/(-4*7/21). Suppose 4*c + 25 = -5*t, -3*c - 20 = 7*t - 3*t. Let u(g) = -g + 1. Let i be u(c). What is the greatest common factor of y and i?
1
Let x = 132 - 126. What is the highest common divisor of x and 50?
2
Suppose 0 = -7*q + 21 + 56. Suppose 3 = o + 2*o. Calculate the highest common factor of o and q.
1
Suppose 11 = -v + 10. Let k(s) = 19*s**2 - 1. Let i be k(v). Let t = -6 + 15. What is the greatest common divisor of t and i?
9
Suppose 7*s = 16*s - 1782. What is the highest common divisor of s and 18?
18
Let s(r) = 2*r**2 + 3*r - 13. Let i be s(-6). Calculate the greatest common factor of 369 and i.
41
Suppose 6*f - 10*f = -280. Suppose -2*g + f = -i, -i = 2*g - 3*i - 74. Calculate the highest common divisor of 3 and g.
3
Suppose -4*c = -3*w + 39, 0 = 3*w + 3*c - 7 - 32. Let k = 11 + w. What is the greatest common factor of 40 and k?
8
Let q be (-2)/(-5) + (112/20 - 6). Suppose 17*z - 12*z - 290 = q. Calculate the greatest common factor of 87 and z.
29
Let d